{"id":17366,"date":"2023-10-26T11:25:47","date_gmt":"2023-10-26T09:25:47","guid":{"rendered":"https:\/\/legalnykomputer.pl\/?post_type=product&#038;p=17366"},"modified":"2023-11-22T14:11:19","modified_gmt":"2023-11-22T13:11:19","slug":"produkt-testowy","status":"publish","type":"product","link":"https:\/\/legalnykomputer.pl\/?product=produkt-testowy","title":{"rendered":"Zdalny Audyt"},"content":{"rendered":"","protected":false},"excerpt":{"rendered":"<div style=\"margin: 0 0 34px; text-align: left; font-size: 14px; line-height: 22px;\">\n<ul>\n<li><strong>Analiza Twojego sprz\u0119tu w kontek\u015bcie wymaga\u0144 najnowszego systemu operacyjnego<\/strong><\/li>\n<li><strong>Po\u0142\u0105czenie zdalne \u2013 tutaj pobierz: TemaViewer lub AnyDesk<\/strong><\/li>\n<\/ul>\n<\/div>\n","protected":false},"featured_media":17380,"template":"","meta":[],"product_cat":[76],"product_tag":[],"class_list":{"0":"post-17366","1":"product","2":"type-product","3":"status-publish","4":"has-post-thumbnail","6":"product_cat-uslugi","8":"first","9":"instock","10":"sold-individually","11":"purchasable","12":"product-type-simple"},"yoast_head":"<!-- This site is optimized with the Yoast SEO plugin v21.7 - https:\/\/yoast.com\/wordpress\/plugins\/seo\/ -->\n<title>Zdalny Audyt - Legalny Komputer<\/title>\n<meta name=\"robots\" content=\"index, follow, max-snippet:-1, max-image-preview:large, max-video-preview:-1\" \/>\n<link rel=\"canonical\" href=\"https:\/\/legalnykomputer.pl\/?product=produkt-testowy\" \/>\n<meta property=\"og:locale\" content=\"pl_PL\" \/>\n<meta property=\"og:type\" content=\"article\" \/>\n<meta property=\"og:title\" content=\"Zdalny Audyt - Legalny Komputer\" \/>\n<meta property=\"og:description\" content=\"Analiza Twojego sprz\u0119tu w kontek\u015bcie wymaga\u0144 najnowszego systemu operacyjnego  Po\u0142\u0105czenie zdalne \u2013 tutaj pobierz: TemaViewer lub AnyDesk\" \/>\n<meta property=\"og:url\" content=\"https:\/\/legalnykomputer.pl\/?product=produkt-testowy\" \/>\n<meta property=\"og:site_name\" content=\"Legalny Komputer\" \/>\n<meta property=\"article:modified_time\" content=\"2023-11-22T13:11:19+00:00\" \/>\n<meta property=\"og:image\" content=\"https:\/\/legalnykomputer.pl\/wp-content\/uploads\/2023\/10\/favicon-2.png\" \/>\n\t<meta property=\"og:image:width\" content=\"512\" \/>\n\t<meta property=\"og:image:height\" content=\"512\" \/>\n\t<meta property=\"og:image:type\" content=\"image\/png\" \/>\n<meta name=\"twitter:card\" content=\"summary_large_image\" \/>\n<script type=\"application\/ld+json\" class=\"yoast-schema-graph\">{\"@context\":\"https:\/\/schema.org\",\"@graph\":[{\"@type\":\"WebPage\",\"@id\":\"https:\/\/legalnykomputer.pl\/?product=produkt-testowy\",\"url\":\"https:\/\/legalnykomputer.pl\/?product=produkt-testowy\",\"name\":\"Zdalny Audyt - Legalny Komputer\",\"isPartOf\":{\"@id\":\"https:\/\/legalnykomputer.pl\/#website\"},\"datePublished\":\"2023-10-26T09:25:47+00:00\",\"dateModified\":\"2023-11-22T13:11:19+00:00\",\"breadcrumb\":{\"@id\":\"https:\/\/legalnykomputer.pl\/?product=produkt-testowy#breadcrumb\"},\"inLanguage\":\"pl-PL\",\"potentialAction\":[{\"@type\":\"ReadAction\",\"target\":[\"https:\/\/legalnykomputer.pl\/?product=produkt-testowy\"]}]},{\"@type\":\"BreadcrumbList\",\"@id\":\"https:\/\/legalnykomputer.pl\/?product=produkt-testowy#breadcrumb\",\"itemListElement\":[{\"@type\":\"ListItem\",\"position\":1,\"name\":\"Strona g\u0142\u00f3wna\",\"item\":\"https:\/\/legalnykomputer.pl\/\"},{\"@type\":\"ListItem\",\"position\":2,\"name\":\"Nasze us\u0142ugi\",\"item\":\"https:\/\/legalnykomputer.pl\/?page_id=2288\"},{\"@type\":\"ListItem\",\"position\":3,\"name\":\"Zdalny Audyt\"}]},{\"@type\":\"WebSite\",\"@id\":\"https:\/\/legalnykomputer.pl\/#website\",\"url\":\"https:\/\/legalnykomputer.pl\/\",\"name\":\"Legalny Komputer\",\"description\":\"\",\"publisher\":{\"@id\":\"https:\/\/legalnykomputer.pl\/#organization\"},\"potentialAction\":[{\"@type\":\"SearchAction\",\"target\":{\"@type\":\"EntryPoint\",\"urlTemplate\":\"https:\/\/legalnykomputer.pl\/?s={search_term_string}\"},\"query-input\":\"required name=search_term_string\"}],\"inLanguage\":\"pl-PL\"},{\"@type\":\"Organization\",\"@id\":\"https:\/\/legalnykomputer.pl\/#organization\",\"name\":\"Netland Computers sp. z o. o.\",\"url\":\"https:\/\/legalnykomputer.pl\/\",\"logo\":{\"@type\":\"ImageObject\",\"inLanguage\":\"pl-PL\",\"@id\":\"https:\/\/legalnykomputer.pl\/#\/schema\/logo\/image\/\",\"url\":\"https:\/\/legalnykomputer.pl\/wp-content\/uploads\/2023\/10\/Logo-NETLAND-Czarne-PNG-Male.png\",\"contentUrl\":\"https:\/\/legalnykomputer.pl\/wp-content\/uploads\/2023\/10\/Logo-NETLAND-Czarne-PNG-Male.png\",\"width\":1000,\"height\":298,\"caption\":\"Netland Computers sp. z o. o.\"},\"image\":{\"@id\":\"https:\/\/legalnykomputer.pl\/#\/schema\/logo\/image\/\"}}]}<\/script>\n<!-- \/ Yoast SEO plugin. -->","yoast_head_json":{"title":"Zdalny Audyt - Legalny Komputer","robots":{"index":"index","follow":"follow","max-snippet":"max-snippet:-1","max-image-preview":"max-image-preview:large","max-video-preview":"max-video-preview:-1"},"canonical":"https:\/\/legalnykomputer.pl\/?product=produkt-testowy","og_locale":"pl_PL","og_type":"article","og_title":"Zdalny Audyt - Legalny Komputer","og_description":"Analiza Twojego sprz\u0119tu w kontek\u015bcie wymaga\u0144 najnowszego systemu operacyjnego  Po\u0142\u0105czenie zdalne \u2013 tutaj pobierz: TemaViewer lub AnyDesk","og_url":"https:\/\/legalnykomputer.pl\/?product=produkt-testowy","og_site_name":"Legalny Komputer","article_modified_time":"2023-11-22T13:11:19+00:00","og_image":[{"width":512,"height":512,"url":"https:\/\/legalnykomputer.pl\/wp-content\/uploads\/2023\/10\/favicon-2.png","type":"image\/png"}],"twitter_card":"summary_large_image","schema":{"@context":"https:\/\/schema.org","@graph":[{"@type":"WebPage","@id":"https:\/\/legalnykomputer.pl\/?product=produkt-testowy","url":"https:\/\/legalnykomputer.pl\/?product=produkt-testowy","name":"Zdalny Audyt - Legalny Komputer","isPartOf":{"@id":"https:\/\/legalnykomputer.pl\/#website"},"datePublished":"2023-10-26T09:25:47+00:00","dateModified":"2023-11-22T13:11:19+00:00","breadcrumb":{"@id":"https:\/\/legalnykomputer.pl\/?product=produkt-testowy#breadcrumb"},"inLanguage":"pl-PL","potentialAction":[{"@type":"ReadAction","target":["https:\/\/legalnykomputer.pl\/?product=produkt-testowy"]}]},{"@type":"BreadcrumbList","@id":"https:\/\/legalnykomputer.pl\/?product=produkt-testowy#breadcrumb","itemListElement":[{"@type":"ListItem","position":1,"name":"Strona g\u0142\u00f3wna","item":"https:\/\/legalnykomputer.pl\/"},{"@type":"ListItem","position":2,"name":"Nasze us\u0142ugi","item":"https:\/\/legalnykomputer.pl\/?page_id=2288"},{"@type":"ListItem","position":3,"name":"Zdalny Audyt"}]},{"@type":"WebSite","@id":"https:\/\/legalnykomputer.pl\/#website","url":"https:\/\/legalnykomputer.pl\/","name":"Legalny Komputer","description":"","publisher":{"@id":"https:\/\/legalnykomputer.pl\/#organization"},"potentialAction":[{"@type":"SearchAction","target":{"@type":"EntryPoint","urlTemplate":"https:\/\/legalnykomputer.pl\/?s={search_term_string}"},"query-input":"required name=search_term_string"}],"inLanguage":"pl-PL"},{"@type":"Organization","@id":"https:\/\/legalnykomputer.pl\/#organization","name":"Netland Computers sp. z o. o.","url":"https:\/\/legalnykomputer.pl\/","logo":{"@type":"ImageObject","inLanguage":"pl-PL","@id":"https:\/\/legalnykomputer.pl\/#\/schema\/logo\/image\/","url":"https:\/\/legalnykomputer.pl\/wp-content\/uploads\/2023\/10\/Logo-NETLAND-Czarne-PNG-Male.png","contentUrl":"https:\/\/legalnykomputer.pl\/wp-content\/uploads\/2023\/10\/Logo-NETLAND-Czarne-PNG-Male.png","width":1000,"height":298,"caption":"Netland Computers sp. z o. o."},"image":{"@id":"https:\/\/legalnykomputer.pl\/#\/schema\/logo\/image\/"}}]}},"_links":{"self":[{"href":"https:\/\/legalnykomputer.pl\/index.php?rest_route=\/wp\/v2\/product\/17366","targetHints":{"allow":["GET"]}}],"collection":[{"href":"https:\/\/legalnykomputer.pl\/index.php?rest_route=\/wp\/v2\/product"}],"about":[{"href":"https:\/\/legalnykomputer.pl\/index.php?rest_route=\/wp\/v2\/types\/product"}],"wp:featuredmedia":[{"embeddable":true,"href":"https:\/\/legalnykomputer.pl\/index.php?rest_route=\/wp\/v2\/media\/17380"}],"wp:attachment":[{"href":"https:\/\/legalnykomputer.pl\/index.php?rest_route=%2Fwp%2Fv2%2Fmedia&parent=17366"}],"wp:term":[{"taxonomy":"product_cat","embeddable":true,"href":"https:\/\/legalnykomputer.pl\/index.php?rest_route=%2Fwp%2Fv2%2Fproduct_cat&post=17366"},{"taxonomy":"product_tag","embeddable":true,"href":"https:\/\/legalnykomputer.pl\/index.php?rest_route=%2Fwp%2Fv2%2Fproduct_tag&post=17366"}],"curies":[{"name":"wp","href":"https:\/\/api.w.org\/{rel}","templated":true}]}}